e x(c).
-1
Let m = 9 - 1. Let y = 65 - 60. Let d(v) = 1 - 4 - y + 3 - v**2 + 8*v. Determine d(m).
-5
Let z(u) be the second derivative of -106*u**3/3 + 635*u**2/2 - 6*u + 421. Give z(3).
-1
Let z = -167 - -168. Let c be 3 + -1*(z + 5). Let i(x) = x**3 + 2*x**2 - 2*x - 2. Calculate i(c).
-5
Suppose -98*m + 95*m + 28 = -4*w, 5*w + 46 = m. Let q(h) = 4*h + 58. Determine q(w).
18
Let b = 18214 + -18227. Let r(x) = x**2 + 6*x - 104. Give r(b).
-13
Let y = -399 + 402. Suppose -6*o - r = -y*o - 50, o + 2*r = 25. Let s(g) = -g**2 + 15*g + 3. Calculate s(o).
3
Suppose -4*h = -3*v + v - 10, 2*h = -5*v - 13. Let w be 1/v*3 - (-8)/4. Let x be 0*(w/5)/(2/(-5)). Let t(c) = c**3 + c**2 + c + 7. Give t(x).
7
Let o(i) = -2*i - 33. Let x be o(-18). Suppose 3 = -2*d + x*d. Suppose -13 = 2*t + 3*g, 2 = d*t + 4*g + 19. Let c(m) = -3*m**3 - m. Give c(t).
-4
Let y = 59 - 53. Let d(k) be the second derivative of k**4/6 - 2*k**3 - 7*k**2/2 + 12*k. Let b(c) = c**2 - 6*c - 4. Let r(h) = -7*b(h) + 3*d(h). Calculate r(y).
7
Suppose -2*i = -y - 8, -2*y + 11 + 8 = 3*i. Let d(c) = 2*c**3 + 1291*c**y + 24 - 2*c - 1307*c**2 - c**3. Give d(16).
-8
Let t(h) be the first derivative of h**4/4 - h**3 - 7*h**2 - 4*h - 808. Give t(6).
20
Suppose 2*c = -8, 4*x + 180*c - 179*c = 576. Let q(d) = x - 280 + d + 139. Determine q(-4).
0
Let j(o) = -698*o - 4174. Let c be j(-6). Let q(h) = h**2 - 11*h - 44. Give q(c).
-2
Let l(s) = 2*s**2 + 6*s. Let i(p) = -6*p + 16. Let d be i(1). Suppose d = 6*f + 40. Give l(f).
20
Let a(m) = -84*m - 97*m + 324*m - 115*m - 4*m**2 + 165 + 3*m**2. Determine a(33).
0
Let y(b) = -b**3 + 7*b**2 - 7*b + 8. Let w be ((-18)/4)/(33/(-44)). Let v be (-528)/(-99) + 4/w. What is y(v)?
2
Let o(r) be the third derivative of 21*r**2 + 0 + 1/3*r**3 + 1/24*r**4 + 0*r. What is o(7)?
9
Let f be (-266)/(-11) + 6/(-33). Let z = f + -23. Let t be ((-33)/9 + (-6)/(-9))/z. Let w(a) = a + 2. What is w(t)?
-1
Let n be ((6/(-18))/(2/18))/(36/48). Let b(p) = p**3 + 5*p**2 - 2*p - 3. Give b(n).
21
Let m(f) = -3*f**2 - 6*f + 6. Suppose -2*h - 38 = 5*i, h = -3*i + 62 - 84. What is m(i)?
-66
Suppose -55*a = -95*a - 58*a - 1372. Let f(p) = -p**3 - 16*p**2 - 23*p + 49. Calculate f(a).
-21
Let o(d) = -d - 1. Suppose f - c - 3 = -5, 0 = f + 4*c - 3. Let y be (f/(-3))/(1/18). Suppose y*j + 14 = 20*j. Give o(j).
-2
Let w(g) be the second derivative of g**5/20 + g**4/3 - 5*g**3/2 - 5*g**2 - 2*g + 39. What is w(-6)?
8
Let h = -2165/14 - -1086/7. Let a(u) be the second derivative of -1/20*u**5 + 3*u**2 + 17*u - 4/3*u**3 + 0 + h*u**4. Calculate a(5).
-9
Let y(k) be the second derivative of k**3/6 + k**2 + k. Let s be 125/100*(-120)/(-25). Give y(s).
8
Let i(y) be the third derivative of -y**6/120 + y**5/10 - 7*y**4/24 + 7*y**3/6 - 2262*y**2. Give i(2).
9
Let v(c) = 3*c**2 - 19*c + 19. Let k(x) = -248*x + 4465. Let f be k(18). Calculate v(f).
3
Let t = -1292 + 1297. Let l(h) be the third derivative of -1/15*h**t - 1/12*h**4 - 1/120*h**6 - 18*h**2 + 0*h + 0 - 1/2*h**3. What is l(-3)?
-6
Suppose 0 = 3*b - 55 + 37. Let z(l) = 10 - b + 1 + l - 5*l. Determine z(8).
-27
Let c be (-45)/(-20) + (-4)/16. Let t(y) = c - 6 - 2*y + 0 + 0. What is t(-4)?
4
Let m(t) = -1492 + 2961 + t - 1483. Give m(-11).
-25
Suppose -653*o = -686*o + 33. Let j(f) = -f**3 - 2*f**2 + 3*f + 3. Let c be j(-3). Let b(k) = -1566*k**3 - o + 1565*k**3 + c + 4*k**2 + 4*k. Give b(5).
-3
Let l(u) be the first derivative of -3*u**2 + 13*u + 106. Let r(c) = -25*c + 57. Let t(b) = -9*l(b) + 2*r(b). Determine t(2).
5
Let o(u) = -103*u**2 + 5*u - 107*u**2 - 2*u**3 - 8*u - 107*u**2 + 325*u**2 - 2. Determine o(4).
-14
Let d be (-2660)/(-30)*(-3)/2. Let r = d + 129. Let b(z) = -16*z - 18. Let q(u) = u + 1. Let x(w) = b(w) + 12*q(w). Give x(r).
10
Suppose -20*t + 22*t - 4 = 0. Let r be t - 1/(-2)*2*-18. Let x(m) = -6*m - 16. Let v(a) = a + 3. Let b(h) = r*v(h) - 3*x(h). What is b(-3)?
-6
Let m(h) = -24*h + 57 - 144 + 2*h + 72 - 4*h**2 + 3*h**2. Calculate m(-17).
70
Let o be (-6)/(-84)*4 - (-57)/21. Let x(p) = 0*p - 3*p**3 - p + 5*p**o - 24*p**3. Give x(-1).
23
Let j(a) = -3*a**2 - 32*a - 9. Let w(r) = -5*r + 5*r + 3 + r**2 + 12*r - r. Let m(u) = 6*j(u) + 17*w(u). Calculate m(-4).
1
Let a be (23 - 14)/((-20)/(-15)) - 2/(-8). Let p(j) = 46*j - 314. Give p(a).
8
Let p(r) = r**3 + 5*r**2 - 13*r + 3. Let i(c) = -5*c**2 + 10*c - 2. Let j(g) = 3*i(g) + 2*p(g). What is j(3)?
21
Suppose -9 = 3*x, x - 72 = 15*c - 20*c. Let g be (-4)/6 - (-40)/c. Let v(q) = -3*q + 2. Give v(g).
-4
Let w(g) = -18*g**2 - 76*g + 55. Let o(p) = 5*p**2 + 19*p - 13. Let n(k) = 11*o(k) + 3*w(k). What is n(18)?
4
Suppose -2*q = 8*y - 7*y, -3*q = -2*y + 21. Let o(n) = 2*n**3 - 12*n**2 + 5*n - 44. What is o(y)?
-14
Let h(n) be the first derivative of -5*n**3/3 + 3*n**2 - 8*n - 11223. Give h(1).
-7
Let c(m) = 2*m**3 + m - 1. Let h(j) = 34*j**3 - 3*j**2 + 3*j - 1. Let f(y) = -2*c(y) + h(y). Calculate f(1).
29
Let n(c) = -3*c - 6. Let y be -14*3/(-6) - 6. Suppose 2*h - 4*b + 5 = -y, -5*h = 4*b + 15. Give n(h).
3
Let i(y) be the second derivative of 5/6*y**3 + 7/2*y**2 - 1/20*y**5 + 5/12*y**4 + 4*y + 0. Suppose 0 = 757*w - 766*w + 54. Determine i(w).
1
Let r(c) = -12*c - 2. Let k(d) = -25*d - 13. Let v(x) = k(x) - 2*r(x). Give v(10).
-19
Let u(o) be the first derivative of 1/3*o**3 + 0*o + 1/2*o**2 + 5. Let k = -151 + 154. Determine u(k).
12
Let k = -809/16 + 813/16. Let s(n) be the first derivative of k*n**4 + 17 - 5*n + 2*n**3 + 3/2*n**2. What is s(-5)?
5
Let v(i) be the second derivative of i**4/6 + 2*i**3/3 - 6*i**2 + 36*i. Let w be v(-4). Let x(c) = -c**3 + 7*c**2 - 7*c + 6. Calculate x(w).
26
Let z(j) = 17*j + 17. Let p be -1*((75/6)/(-5))/(30/(-60)). What is z(p)?
-68
Let t(x) = x**2 + 45*x + 73. Let a be t(-34). Let f = a - -309. Let z(u) = -2*u + 8. Determine z(f).
-8
Let i(a) = a - 18. Let n(l) = -2*l + 38. Let j(r) = -9*i(r) - 4*n(r). Suppose 0 = -z - 4*h - 12, 24*z - 27*z - 4*h = -4. Give j(z).
2
Let m(q) = -q - 1. Let k(f) = -f**3 - 18*f**2 - 4*f - 71. Let v be k(-18). Suppose -3*s + 4*s + 80 = 0. Let d be ((-2)/v)/((-32)/s). Give m(d).
4
Let o(w) = 60 + 10*w**2 - 8*w**2 - 62 - 3*w. What is o(-2)?
12
Let c be 128/22 - ((-104)/(-44))/(-13). Let d(a) be the second derivative of -a**3/6 + 5*a**2 - 37*a. Calculate d(c).
4
Let t be 54/15 + 6/(-15)*-1. Let o be (-1 - -1)*-1 - t. Let h(k) = -2*k + 31 + 27 - 55. What is h(o)?
11
Let h = 55 + -42. Suppose -2*d - 5*j - 21 = 0, h*d - 11*d + 4*j + 18 = 0. Let u(l) = 4*l**2 - 30*l - 1 + 1 + l**3 + 32*l. Determine u(d).
3
Let x be (-12)/28 - (1044/(-21))/4. Let t(g) = 3*g - 36. Let c be t(x). Let d be c/((-44)/33*(-3)/(-2)). Let s(f) = f - 1. Determine s(d).
-1
Let s(q) = -8*q - 20. Let p(r) be the third derivative of -r**4/12 - r**3/2 + 99*r**2. Let w(h) = 6*p(h) - s(h). What is w(3)?
-10
Let p(z) = z - 4. Let i be p(8). Let o = -6 - -11. Let l(r) = -6 + 6*r**2 + 5 - o*r**2 - 3 - 4*r. Give l(i).
-4
Let x(c) = -2*c**2 - 9*c + 3. Let l = -7550 + 7542. What is x(l)?
-53
Let b(a) = -45*a**3 + 3*a**2 - 2*a + 2. Let h(t) = 22*t**3 - t**2 + t - 1. Let r(u) = 2*b(u) + 5*h(u). Let g be ((-1)/3 + -1 - 868/(-372))/1. Calculate r(g).
21
Let c be 1/((-25)/(-60) - 1/6). Let u be 300/16 - c/(-16). Suppose 13 = -v + u. Let x(g) = g**3 - 6*g**2 - 2*g + 7. What is x(v)?
-5
Let l = 0 + 3. Let q be -3*2*(-85)/102. Let p(k) = -8 + 0*k**3 + 2*k**l + 2*k - 3*k**3 + 2*k - q*k**2. Give p(-6).
4
Let q(y) = -y**3 - 5*y**2 + 8*y + 5. Let n(o) = 5*o**3 + 6*o**2 + 8*o + 3. Let v be n(-2). Let z = -47 - v. Let d be (1 - (-15)/(-2)) + (-9)/z. Calculate q(d).
-7
Let n(x) = -30410 + 9*x + 60944 - 30432. Calculate n(-15).
-33
Let b(k) = -k**3 - 4*k**2 - 42. Let q = -7314 + 7314. Give b(q).
-42
Let o(c) = -3*c - 15. Let x be o(-5). Let j(s) = -2*s**2 - 4292*s + 31 + s**2 + 4291*s. Calculate j(x).
31
Let m(t) = t**3 - 8*t**2 + 7*t - 5. Let v(p) = p**3 + 10*p**2 - 4*p - 34. Let b(q) = -q**3 - 9*q**2 + 25*q + 23. Let l be b(-11). Let x be v(l). Calculate m(x).
-35
Let m(c) = c**2 + c - 41. Let i = -23434 - -23443. Determine m(i).
49
Let a(o) = -o + 187 + 7 - o - 19 - 2*o. Give a(46).
-9
Let k(n) = -9*n + 85. Let y be k(7). Suppose y*g = 32*g - 20. Let p(m) = 4*m**2 - 3*m. Give p(g).
10
Let i(r) = 4*r**2 + r + 30. Suppose -331*m - 264 = 1191 + 200. Calculate i(m).
125
Let 